{"id":1494,"date":"2016-12-14T15:26:27","date_gmt":"2016-12-14T15:26:27","guid":{"rendered":"http:\/\/www.felipegonzalez.es\/fundacion\/"},"modified":"2017-02-28T10:21:49","modified_gmt":"2017-02-28T10:21:49","slug":"fundacion","status":"publish","type":"page","link":"https:\/\/www.felipegonzalez.es\/ca\/fundacion\/","title":{"rendered":"Fundaci\u00f3"},"content":{"rendered":"<p>[vc_row][vc_column][vc_empty_space height=&#8221;50px&#8221;][\/vc_column][\/vc_row][vc_row el_class=&#8221;fund-row&#8221;][vc_column el_class=&#8221;vc-container&#8221;][vc_row_inner][vc_column_inner el_class=&#8221;fund-col-left js-fund-col-left&#8221; width=&#8221;1\/2&#8243;][vc_column_text el_class=&#8221;fund-title&#8221;]<\/p>\n<h1>Fundaci\u00f3<\/h1>\n<p>[\/vc_column_text][vc_column_text el_class=&#8221;fund-text&#8221;]Saber entendre la nostra hist\u00f2ria \u00e9s crucial per tal de comprendre el que estem vivint i, alhora, constitueix la millor manera d&#8217;obrir-nos a un futur diferent. Per aquest motiu es va crear la Fundaci\u00f3 Felipe Gonz\u00e1lez, que t\u00e9 un objectiu doble: aprendre del passat i fer una aportaci\u00f3 per al futur.<\/p>\n<p>Amb aquestes premisses, la Fundaci\u00f3 Felipe Gonz\u00e1lez s&#8217;encarrega de gestionar l&#8217;arxiu documental de Felipe Gonz\u00e1lez amb la finalitat innovadora de posar-lo a la disposici\u00f3 de tota la ciutadania. A m\u00e9s, organitza i impulsa activitats i projectes que contribueixen a la igualtat d&#8217;oportunitats i ofereixin eines enfrontar-nos com a societat als enormes reptes del segle XXI.<\/p>\n<p>La Fundaci\u00f3 Felipe Gonz\u00e1lez es va registrar el mes d&#8217;octubre de 2013.[\/vc_column_text][vc_empty_space height=&#8221;80px&#8221; el_class=&#8221;fund-col-left-empty-up&#8221;][vc_single_image image=&#8221;2478&#8243; img_size=&#8221;full&#8221; onclick=&#8221;custom_link&#8221; img_link_target=&#8221;_blank&#8221; link=&#8221;http:\/\/www.fundacionfelipegonzalez.org\/&#8221;][vc_empty_space height=&#8221;40px&#8221; el_class=&#8221;fund-col-left-empty-down&#8221;][\/vc_column_inner][vc_column_inner el_class=&#8221;fund-col-right js-fund-col-right&#8221; width=&#8221;1\/2&#8243;][vc_column_text el_class=&#8221;fund-right-title&#8221;]Entre els seus objectius principals destaquen els seg\u00fcents:[\/vc_column_text][vc_column_text el_class=&#8221;fund-right-list&#8221;]<\/p>\n<ul>\n<li><strong>Gestionar i posar a disposici\u00f3 dels ciutadans un arxiu d&#8217;enorme import\u00e0ncia sobre un per\u00edode fonamental de la hist\u00f2ria d&#8217;Espanya.<\/strong><\/li>\n<li><strong>Augmentar i millorar el coneixement de la pol\u00edtica espanyola i internacional i dels assumptes m\u00e9s essencials del nostre temps.<\/strong><\/li>\n<li><strong>Organitzar i impulsar activitats i projectes que ofereixin respostes als reptes pol\u00edtics i socials del segle XXI tot comptabilitzant progr\u00e9s, modernitzaci\u00f3 i promoci\u00f3 de la igualtat.<\/strong><\/li>\n<\/ul>\n<p>[\/vc_column_text][\/vc_column_inner][\/vc_row_inner][\/vc_column][\/vc_row]<\/p>\n","protected":false},"excerpt":{"rendered":"<p>[vc_row][vc_column][vc_empty_space height=&#8221;50px&#8221;][\/vc_column][\/vc_row][vc_row el_class=&#8221;fund-row&#8221;][vc_column el_class=&#8221;vc-container&#8221;][vc_row_inner][vc_column_inner el_class=&#8221;fund-col-left js-fund-col-left&#8221; width=&#8221;1\/2&#8243;][vc_column_text el_class=&#8221;fund-title&#8221;] Fundaci\u00f3 [\/vc_column_text][vc_column_text el_class=&#8221;fund-text&#8221;]Saber entendre la nostra hist\u00f2ria \u00e9s crucial per tal de comprendre el que estem vivint i, alhora, constitueix la millor manera d&#8217;obrir-nos a un futur diferent. Per aquest motiu es va crear la Fundaci\u00f3 Felipe Gonz\u00e1lez, que t\u00e9 un objectiu doble: aprendre del passat i [&hellip;]<\/p>\n","protected":false},"author":3,"featured_media":0,"parent":0,"menu_order":0,"comment_status":"closed","ping_status":"closed","template":"","meta":{"footnotes":""},"class_list":["post-1494","page","type-page","status-publish","hentry"],"yoast_head":"<!-- This site is optimized with the Yoast SEO plugin v21.1 - https:\/\/yoast.com\/wordpress\/plugins\/seo\/ -->\n<title>Fundaci\u00f3 - Felipe Gonz\u00e1lez<\/title>\n<meta name=\"robots\" content=\"index, follow, max-snippet:-1, max-image-preview:large, max-video-preview:-1\" \/>\n<link rel=\"canonical\" href=\"https:\/\/www.felipegonzalez.es\/fundacion\/\" \/>\n<meta property=\"og:locale\" content=\"ca_ES\" \/>\n<meta property=\"og:type\" content=\"article\" \/>\n<meta property=\"og:title\" content=\"Fundaci\u00f3 - Felipe Gonz\u00e1lez\" \/>\n<meta property=\"og:description\" content=\"[vc_row][vc_column][vc_empty_space height=&#8221;50px&#8221;][\/vc_column][\/vc_row][vc_row el_class=&#8221;fund-row&#8221;][vc_column el_class=&#8221;vc-container&#8221;][vc_row_inner][vc_column_inner el_class=&#8221;fund-col-left js-fund-col-left&#8221; width=&#8221;1\/2&#8243;][vc_column_text el_class=&#8221;fund-title&#8221;] Fundaci\u00f3 [\/vc_column_text][vc_column_text el_class=&#8221;fund-text&#8221;]Saber entendre la nostra hist\u00f2ria \u00e9s crucial per tal de comprendre el que estem vivint i, alhora, constitueix la millor manera d&#8217;obrir-nos a un futur diferent. Per aquest motiu es va crear la Fundaci\u00f3 Felipe Gonz\u00e1lez, que t\u00e9 un objectiu doble: aprendre del passat i [&hellip;]\" \/>\n<meta property=\"og:url\" content=\"https:\/\/www.felipegonzalez.es\/fundacion\/\" \/>\n<meta property=\"og:site_name\" content=\"Felipe Gonz\u00e1lez\" \/>\n<meta property=\"article:modified_time\" content=\"2017-02-28T10:21:49+00:00\" \/>\n<meta name=\"twitter:card\" content=\"summary_large_image\" \/>\n<meta name=\"twitter:label1\" content=\"Est. reading time\" \/>\n\t<meta name=\"twitter:data1\" content=\"2 minutes\" \/>\n<script type=\"application\/ld+json\" class=\"yoast-schema-graph\">{\"@context\":\"https:\/\/schema.org\",\"@graph\":[{\"@type\":\"WebPage\",\"@id\":\"https:\/\/www.felipegonzalez.es\/fundacion\/\",\"url\":\"https:\/\/www.felipegonzalez.es\/fundacion\/\",\"name\":\"Fundaci\u00f3 - Felipe Gonz\u00e1lez\",\"isPartOf\":{\"@id\":\"https:\/\/www.felipegonzalez.es\/#website\"},\"datePublished\":\"2016-12-14T15:26:27+00:00\",\"dateModified\":\"2017-02-28T10:21:49+00:00\",\"breadcrumb\":{\"@id\":\"https:\/\/www.felipegonzalez.es\/fundacion\/#breadcrumb\"},\"inLanguage\":\"ca-ES\",\"potentialAction\":[{\"@type\":\"ReadAction\",\"target\":[\"https:\/\/www.felipegonzalez.es\/fundacion\/\"]}]},{\"@type\":\"BreadcrumbList\",\"@id\":\"https:\/\/www.felipegonzalez.es\/fundacion\/#breadcrumb\",\"itemListElement\":[{\"@type\":\"ListItem\",\"position\":1,\"name\":\"Portada\",\"item\":\"https:\/\/www.felipegonzalez.es\/ca\/\"},{\"@type\":\"ListItem\",\"position\":2,\"name\":\"Fundaci\u00f3\"}]},{\"@type\":\"WebSite\",\"@id\":\"https:\/\/www.felipegonzalez.es\/#website\",\"url\":\"https:\/\/www.felipegonzalez.es\/\",\"name\":\"Felipe Gonz\u00e1lez\",\"description\":\"Felipe Gonz\u00e1lez\",\"potentialAction\":[{\"@type\":\"SearchAction\",\"target\":{\"@type\":\"EntryPoint\",\"urlTemplate\":\"https:\/\/www.felipegonzalez.es\/?s={search_term_string}\"},\"query-input\":\"required name=search_term_string\"}],\"inLanguage\":\"ca-ES\"}]}<\/script>\n<!-- \/ Yoast SEO plugin. -->","yoast_head_json":{"title":"Fundaci\u00f3 - Felipe Gonz\u00e1lez","robots":{"index":"index","follow":"follow","max-snippet":"max-snippet:-1","max-image-preview":"max-image-preview:large","max-video-preview":"max-video-preview:-1"},"canonical":"https:\/\/www.felipegonzalez.es\/fundacion\/","og_locale":"ca_ES","og_type":"article","og_title":"Fundaci\u00f3 - Felipe Gonz\u00e1lez","og_description":"[vc_row][vc_column][vc_empty_space height=&#8221;50px&#8221;][\/vc_column][\/vc_row][vc_row el_class=&#8221;fund-row&#8221;][vc_column el_class=&#8221;vc-container&#8221;][vc_row_inner][vc_column_inner el_class=&#8221;fund-col-left js-fund-col-left&#8221; width=&#8221;1\/2&#8243;][vc_column_text el_class=&#8221;fund-title&#8221;] Fundaci\u00f3 [\/vc_column_text][vc_column_text el_class=&#8221;fund-text&#8221;]Saber entendre la nostra hist\u00f2ria \u00e9s crucial per tal de comprendre el que estem vivint i, alhora, constitueix la millor manera d&#8217;obrir-nos a un futur diferent. Per aquest motiu es va crear la Fundaci\u00f3 Felipe Gonz\u00e1lez, que t\u00e9 un objectiu doble: aprendre del passat i [&hellip;]","og_url":"https:\/\/www.felipegonzalez.es\/fundacion\/","og_site_name":"Felipe Gonz\u00e1lez","article_modified_time":"2017-02-28T10:21:49+00:00","twitter_card":"summary_large_image","twitter_misc":{"Est. reading time":"2 minutes"},"schema":{"@context":"https:\/\/schema.org","@graph":[{"@type":"WebPage","@id":"https:\/\/www.felipegonzalez.es\/fundacion\/","url":"https:\/\/www.felipegonzalez.es\/fundacion\/","name":"Fundaci\u00f3 - Felipe Gonz\u00e1lez","isPartOf":{"@id":"https:\/\/www.felipegonzalez.es\/#website"},"datePublished":"2016-12-14T15:26:27+00:00","dateModified":"2017-02-28T10:21:49+00:00","breadcrumb":{"@id":"https:\/\/www.felipegonzalez.es\/fundacion\/#breadcrumb"},"inLanguage":"ca-ES","potentialAction":[{"@type":"ReadAction","target":["https:\/\/www.felipegonzalez.es\/fundacion\/"]}]},{"@type":"BreadcrumbList","@id":"https:\/\/www.felipegonzalez.es\/fundacion\/#breadcrumb","itemListElement":[{"@type":"ListItem","position":1,"name":"Portada","item":"https:\/\/www.felipegonzalez.es\/ca\/"},{"@type":"ListItem","position":2,"name":"Fundaci\u00f3"}]},{"@type":"WebSite","@id":"https:\/\/www.felipegonzalez.es\/#website","url":"https:\/\/www.felipegonzalez.es\/","name":"Felipe Gonz\u00e1lez","description":"Felipe Gonz\u00e1lez","potentialAction":[{"@type":"SearchAction","target":{"@type":"EntryPoint","urlTemplate":"https:\/\/www.felipegonzalez.es\/?s={search_term_string}"},"query-input":"required name=search_term_string"}],"inLanguage":"ca-ES"}]}},"_links":{"self":[{"href":"https:\/\/www.felipegonzalez.es\/ca\/wp-json\/wp\/v2\/pages\/1494","targetHints":{"allow":["GET"]}}],"collection":[{"href":"https:\/\/www.felipegonzalez.es\/ca\/wp-json\/wp\/v2\/pages"}],"about":[{"href":"https:\/\/www.felipegonzalez.es\/ca\/wp-json\/wp\/v2\/types\/page"}],"author":[{"embeddable":true,"href":"https:\/\/www.felipegonzalez.es\/ca\/wp-json\/wp\/v2\/users\/3"}],"replies":[{"embeddable":true,"href":"https:\/\/www.felipegonzalez.es\/ca\/wp-json\/wp\/v2\/comments?post=1494"}],"version-history":[{"count":5,"href":"https:\/\/www.felipegonzalez.es\/ca\/wp-json\/wp\/v2\/pages\/1494\/revisions"}],"predecessor-version":[{"id":2590,"href":"https:\/\/www.felipegonzalez.es\/ca\/wp-json\/wp\/v2\/pages\/1494\/revisions\/2590"}],"wp:attachment":[{"href":"https:\/\/www.felipegonzalez.es\/ca\/wp-json\/wp\/v2\/media?parent=1494"}],"curies":[{"name":"wp","href":"https:\/\/api.w.org\/{rel}","templated":true}]}}

Fundació

<p>[vc_row][vc_column][vc_empty_space height=&#8221;50px&#8221;][/vc_column][/vc_row][vc_row el_class=&#8221;fund-row&#8221;][vc_column el_class=&#8221;vc-container&#8221;][vc_row_inner][vc_column_inner el_class=&#8221;fund-col-left js-fund-col-left&#8221; width=&#8221;1/2&#8243;][vc_column_text el_class=&#8221;fund-title&#8221;]</p>
<h1>Fundació</h1>
<p>[/vc_column_text][vc_column_text el_class=&#8221;fund-text&#8221;]Saber entendre la nostra història és crucial per tal de comprendre el que estem vivint i, alhora, constitueix la millor manera d&#8217;obrir-nos a un futur diferent. Per aquest motiu es va crear la Fundació Felipe González, que té un objectiu doble: aprendre del passat i fer una aportació per al futur.</p>
<p>Amb aquestes premisses, la Fundació Felipe González s&#8217;encarrega de gestionar l&#8217;arxiu documental de Felipe González amb la finalitat innovadora de posar-lo a la disposició de tota la ciutadania. A més, organitza i impulsa activitats i projectes que contribueixen a la igualtat d&#8217;oportunitats i ofereixin eines enfrontar-nos com a societat als enormes reptes del segle XXI.</p>
<p>La Fundació Felipe González es va registrar el mes d&#8217;octubre de 2013.[/vc_column_text][vc_empty_space height=&#8221;80px&#8221; el_class=&#8221;fund-col-left-empty-up&#8221;][vc_single_image image=&#8221;2478&#8243; img_size=&#8221;full&#8221; onclick=&#8221;custom_link&#8221; img_link_target=&#8221;_blank&#8221; link=&#8221;http://www.fundacionfelipegonzalez.org/&#8221;][vc_empty_space height=&#8221;40px&#8221; el_class=&#8221;fund-col-left-empty-down&#8221;][/vc_column_inner][vc_column_inner el_class=&#8221;fund-col-right js-fund-col-right&#8221; width=&#8221;1/2&#8243;][vc_column_text el_class=&#8221;fund-right-title&#8221;]Entre els seus objectius principals destaquen els següents:[/vc_column_text][vc_column_text el_class=&#8221;fund-right-list&#8221;]</p>
<ul>
<li><strong>Gestionar i posar a disposició dels ciutadans un arxiu d&#8217;enorme importància sobre un període fonamental de la història d&#8217;Espanya.</strong></li>
<li><strong>Augmentar i millorar el coneixement de la política espanyola i internacional i dels assumptes més essencials del nostre temps.</strong></li>
<li><strong>Organitzar i impulsar activitats i projectes que ofereixin respostes als reptes polítics i socials del segle XXI tot comptabilitzant progrés, modernització i promoció de la igualtat.</strong></li>
</ul>
<p>[/vc_column_text][/vc_column_inner][/vc_row_inner][/vc_column][/vc_row]</p>

<p>[vc_row][vc_column][vc_empty_space height=&#8221;50px&#8221;][/vc_column][/vc_row][vc_row el_class=&#8221;fund-row&#8221;][vc_column el_class=&#8221;vc-container&#8221;][vc_row_inner][vc_column_inner el_class=&#8221;fund-col-left js-fund-col-left&#8221; width=&#8221;1/2&#8243;][vc_column_text el_class=&#8221;fund-title&#8221;] Fundació [/vc_column_text][vc_column_text el_class=&#8221;fund-text&#8221;]Saber entendre la nostra història és crucial per tal de comprendre el que estem vivint i, alhora, constitueix la millor manera d&#8217;obrir-nos a un futur diferent. Per aquest motiu es va crear la Fundació Felipe González, que té un objectiu doble: aprendre del passat i [&hellip;]</p>

<!-- This site is optimized with the Yoast SEO plugin v21.1 - https://yoast.com/wordpress/plugins/seo/ -->
<title>Fundació - Felipe González</title>
<meta name="robots" content="index, follow, max-snippet:-1, max-image-preview:large, max-video-preview:-1" />
<link rel="canonical" href="https://www.felipegonzalez.es/fundacion/" />
<meta property="og:locale" content="ca_ES" />
<meta property="og:type" content="article" />
<meta property="og:title" content="Fundació - Felipe González" />
<meta property="og:description" content="[vc_row][vc_column][vc_empty_space height=&#8221;50px&#8221;][/vc_column][/vc_row][vc_row el_class=&#8221;fund-row&#8221;][vc_column el_class=&#8221;vc-container&#8221;][vc_row_inner][vc_column_inner el_class=&#8221;fund-col-left js-fund-col-left&#8221; width=&#8221;1/2&#8243;][vc_column_text el_class=&#8221;fund-title&#8221;] Fundació [/vc_column_text][vc_column_text el_class=&#8221;fund-text&#8221;]Saber entendre la nostra història és crucial per tal de comprendre el que estem vivint i, alhora, constitueix la millor manera d&#8217;obrir-nos a un futur diferent. Per aquest motiu es va crear la Fundació Felipe González, que té un objectiu doble: aprendre del passat i [&hellip;]" />
<meta property="og:url" content="https://www.felipegonzalez.es/fundacion/" />
<meta property="og:site_name" content="Felipe González" />
<meta property="article:modified_time" content="2017-02-28T10:21:49+00:00" />
<meta name="twitter:card" content="summary_large_image" />
<meta name="twitter:label1" content="Est. reading time" />
	<meta name="twitter:data1" content="2 minutes" />
<script type="application/ld+json" class="yoast-schema-graph">{"@context":"https://schema.org","@graph":[{"@type":"WebPage","@id":"https://www.felipegonzalez.es/fundacion/","url":"https://www.felipegonzalez.es/fundacion/","name":"Fundació - Felipe González","isPartOf":{"@id":"https://www.felipegonzalez.es/#website"},"datePublished":"2016-12-14T15:26:27+00:00","dateModified":"2017-02-28T10:21:49+00:00","breadcrumb":{"@id":"https://www.felipegonzalez.es/fundacion/#breadcrumb"},"inLanguage":"ca-ES","potentialAction":[{"@type":"ReadAction","target":["https://www.felipegonzalez.es/fundacion/"]}]},{"@type":"BreadcrumbList","@id":"https://www.felipegonzalez.es/fundacion/#breadcrumb","itemListElement":[{"@type":"ListItem","position":1,"name":"Portada","item":"https://www.felipegonzalez.es/ca/"},{"@type":"ListItem","position":2,"name":"Fundació"}]},{"@type":"WebSite","@id":"https://www.felipegonzalez.es/#website","url":"https://www.felipegonzalez.es/","name":"Felipe González","description":"Felipe González","potentialAction":[{"@type":"SearchAction","target":{"@type":"EntryPoint","urlTemplate":"https://www.felipegonzalez.es/?s={search_term_string}"},"query-input":"required name=search_term_string"}],"inLanguage":"ca-ES"}]}</script>
<!-- / Yoast SEO plugin. -->

Fundació - Felipe González

[vc_row][vc_column][vc_empty_space height=&#8221;50px&#8221;][/vc_column][/vc_row][vc_row el_class=&#8221;fund-row&#8221;][vc_column el_class=&#8221;vc-container&#8221;][vc_row_inner][vc_column_inner el_class=&#8221;fund-col-left js-fund-col-left&#8221; width=&#8221;1/2&#8243;][vc_column_text el_class=&#8221;fund-title&#8221;] Fundació [/vc_column_text][vc_column_text el_class=&#8221;fund-text&#8221;]Saber entendre la nostra història és crucial per tal de comprendre el que estem vivint i, alhora, constitueix la millor manera d&#8217;obrir-nos a un futur diferent. Per aquest motiu es va crear la Fundació Felipe González, que té un objectiu doble: aprendre del passat i [&hellip;]

Felipe González
